{"id":1330,"date":"2017-08-14T16:24:09","date_gmt":"2017-08-14T19:24:09","guid":{"rendered":"http:\/\/www.dagad.com.br\/shops\/?post_type=product&#038;p=1330"},"modified":"2021-01-30T09:29:45","modified_gmt":"2021-01-30T12:29:45","slug":"teste-em-mangueiras-de-incendio-2-12","status":"publish","type":"product","link":"https:\/\/www.dagad.com.br\/shop\/produto\/teste-em-mangueiras-de-incendio-2-12\/","title":{"rendered":"Teste em Mangueiras de Inc\u00eandio 2.1\/2&#8243;"},"content":{"rendered":"<div>O servi\u00e7o consiste na avalia\u00e7\u00e3o da capacidade que a mangueira de inc\u00eandio possui para suportar a press\u00e3o da rede hidr\u00e1ulica de inc\u00eandio.<\/div>\n<div>Para que a mangueira de inc\u00eandio esteja sempre em boas condi\u00e7\u00f5es e pronta para o combate, \u00e9 necess\u00e1rio que sejam feitas manuten\u00e7\u00e3o e inspe\u00e7\u00e3o do equipamento frequentemente.<br \/>\n\u00c9 recomendado que a inspe\u00e7\u00e3o ocorra semestralmente e a manuten\u00e7\u00e3o, anualmente.<br \/>\nAp\u00f3s ter sido utilizada, o equipamento deve passar pela inspe\u00e7\u00e3o visual.<br \/>\nQuando a mangueira \u00e9 submetida \u00e0 esse teste, ela n\u00e3o pode apresentar:<\/div>\n<div>Desgaste por abras\u00e3o na parte externa do revestimento manchas e res\u00edduos na superf\u00edcie externa, originadas por contato com produtos qu\u00edmicos.<br \/>\nDesprendimento da parte externa, deslizamento das uni\u00f5es em rela\u00e7\u00e3o ao equipamento<br \/>\nDificuldades ao acoplar o engate (os flanges devem girar livre e suavemente)<br \/>\nDeforma\u00e7\u00f5es nas uni\u00f5es, sejam elas causadas por quedas, golpes, arraste ou quaisquer outros.<br \/>\nAus\u00eancia de veda\u00e7\u00e3o de borracha nos engates das uni\u00f5es ou veda\u00e7\u00e3o com problemas (fendilhamento, ressecamento ou corte)<br \/>\nAus\u00eancia de identifica\u00e7\u00e3o do fabricante.<br \/>\nCaso a mangueira tenha seu comprimento reduzido por qualquer procedimento de manuten\u00e7\u00e3o, ela s\u00f3 deve voltar a ser utilizada caso essa redu\u00e7\u00e3o tenha sido de no m\u00e1ximo 2% do comprimento inicial.<br \/>\nLIMPEZA E SECAGEM DA MANGUEIRA DE INC\u00caNDIO<\/div>\n<div>Todos os res\u00edduos devem ser removidos da superf\u00edcie externa da mangueira, e caso a limpeza seja a seco, devem ser utilizadas escovas com cerdas que n\u00e3o sejam met\u00e1licas, e o escovamento deve ser feito no sentido da trama.<br \/>\nA mangueira deve ser usada sempre seca, e sua secagem deve ser feita \u00e0 sombra, com a mangueira na vertical ou em um plano inclinado. Quando for utilizado equipamento para secagem for\u00e7ada, a temperatura n\u00e3o deve ultrapassar os 50\u00baC.<br \/>\nPreserva\u00e7\u00e3o da mangueira<\/div>\n<div>Evite contato com superf\u00edcies pontiagudas<br \/>\nEvite manobras violentas, entrada repentina de bomba e fechamento abrupto dos esguichos e hidrantes que causam golpes de ariete na linha<br \/>\nEvite contato direto com o fogo<br \/>\nN\u00e3o arraste a mangueira pelo piso, isso pode causar furos<br \/>\nEvite quedas de uni\u00f5es<br \/>\nO contato com produtos qu\u00edmicos deve ser evitado<br \/>\nN\u00e3o guarde a mangueira molhada e n\u00e3o permane\u00e7a com ela conectada ao hidrante ou registro<br \/>\nN\u00e3o curve a mangueira na uni\u00e3o enquanto a opera, a passagem de ve\u00edculos sobre a mangueira deve ser evitada durante o uso.<br \/>\nVerificar se as caixas s\u00e3o boas para o acondicionamento da mangueira<br \/>\nA mangueira que for aprovada ap\u00f3s a inspe\u00e7\u00e3o\/manuten\u00e7\u00e3o para uso deve ser armazenada em local seco e ventilado.<br \/>\nA mangueira \u00e9 um dos principais equipamentos no combate a inc\u00eandios, garanta que ela esteja sempre em bom estado!<\/div>\n<div><\/div>\n<div><\/div>\n<div><strong>IMAGENS MERAMENTE ILUSTRATIVAS<\/strong><\/div>\n","protected":false},"excerpt":{"rendered":"<p>Teste Hidrost\u00e1tico em Lances de Mangueiras de 2.1\/2&#8243;<\/p>\n","protected":false},"featured_media":1331,"comment_status":"open","ping_status":"closed","template":"","meta":[],"product_brand":[],"product_cat":[329],"product_tag":[415,414],"class_list":{"0":"post-1330","1":"product","2":"type-product","3":"status-publish","4":"has-post-thumbnail","6":"product_cat-servicos-grande-rio-e-capital","7":"product_tag-mangueiras-2-12","8":"product_tag-teste","10":"first","11":"instock","12":"virtual","13":"purchasable","14":"product-type-simple"},"yoast_head":"<!-- This site is optimized with the Yoast SEO plugin v25.6 - https:\/\/yoast.com\/wordpress\/plugins\/seo\/ -->\n<title>Teste em Mangueiras de Inc\u00eandio 2.1\/2&quot; - Dagad Shopping<\/title>\n<meta name=\"robots\" content=\"index, follow, max-snippet:-1, max-image-preview:large, max-video-preview:-1\" \/>\n<link rel=\"canonical\" href=\"https:\/\/www.dagad.com.br\/shop\/produto\/teste-em-mangueiras-de-incendio-2-12\/\" \/>\n<meta property=\"og:locale\" content=\"pt_BR\" \/>\n<meta property=\"og:type\" content=\"article\" \/>\n<meta property=\"og:title\" content=\"Teste em Mangueiras de Inc\u00eandio 2.1\/2&quot; - Dagad Shopping\" \/>\n<meta property=\"og:description\" content=\"Teste Hidrost\u00e1tico em Lances de Mangueiras de 2.1\/2&quot;\" \/>\n<meta property=\"og:url\" content=\"https:\/\/www.dagad.com.br\/shop\/produto\/teste-em-mangueiras-de-incendio-2-12\/\" \/>\n<meta property=\"og:site_name\" content=\"Dagad Shopping\" \/>\n<meta property=\"article:publisher\" content=\"https:\/\/www.facebook.com\/dagadextintores\" \/>\n<meta property=\"article:modified_time\" content=\"2021-01-30T12:29:45+00:00\" \/>\n<meta property=\"og:image\" content=\"https:\/\/www.dagad.com.br\/shop\/wp-content\/uploads\/2017\/08\/mangueiras1.png\" \/>\n\t<meta property=\"og:image:width\" content=\"450\" \/>\n\t<meta property=\"og:image:height\" content=\"469\" \/>\n\t<meta property=\"og:image:type\" content=\"image\/png\" \/>\n<meta name=\"twitter:card\" content=\"summary_large_image\" \/>\n<meta name=\"twitter:site\" content=\"@DAGADMAT\" \/>\n<meta name=\"twitter:label1\" content=\"Est. tempo de leitura\" \/>\n\t<meta name=\"twitter:data1\" content=\"2 minutos\" \/>\n<script type=\"application\/ld+json\" class=\"yoast-schema-graph\">{\"@context\":\"https:\/\/schema.org\",\"@graph\":[{\"@type\":\"WebPage\",\"@id\":\"https:\/\/www.dagad.com.br\/shop\/produto\/teste-em-mangueiras-de-incendio-2-12\/\",\"url\":\"https:\/\/www.dagad.com.br\/shop\/produto\/teste-em-mangueiras-de-incendio-2-12\/\",\"name\":\"Teste em Mangueiras de Inc\u00eandio 2.1\/2\\\" - Dagad Shopping\",\"isPartOf\":{\"@id\":\"https:\/\/www.dagad.com.br\/shop\/#website\"},\"primaryImageOfPage\":{\"@id\":\"https:\/\/www.dagad.com.br\/shop\/produto\/teste-em-mangueiras-de-incendio-2-12\/#primaryimage\"},\"image\":{\"@id\":\"https:\/\/www.dagad.com.br\/shop\/produto\/teste-em-mangueiras-de-incendio-2-12\/#primaryimage\"},\"thumbnailUrl\":\"https:\/\/www.dagad.com.br\/shop\/wp-content\/uploads\/2017\/08\/mangueiras1.png\",\"datePublished\":\"2017-08-14T19:24:09+00:00\",\"dateModified\":\"2021-01-30T12:29:45+00:00\",\"breadcrumb\":{\"@id\":\"https:\/\/www.dagad.com.br\/shop\/produto\/teste-em-mangueiras-de-incendio-2-12\/#breadcrumb\"},\"inLanguage\":\"pt-BR\",\"potentialAction\":[{\"@type\":\"ReadAction\",\"target\":[\"https:\/\/www.dagad.com.br\/shop\/produto\/teste-em-mangueiras-de-incendio-2-12\/\"]}]},{\"@type\":\"ImageObject\",\"inLanguage\":\"pt-BR\",\"@id\":\"https:\/\/www.dagad.com.br\/shop\/produto\/teste-em-mangueiras-de-incendio-2-12\/#primaryimage\",\"url\":\"https:\/\/www.dagad.com.br\/shop\/wp-content\/uploads\/2017\/08\/mangueiras1.png\",\"contentUrl\":\"https:\/\/www.dagad.com.br\/shop\/wp-content\/uploads\/2017\/08\/mangueiras1.png\",\"width\":450,\"height\":469},{\"@type\":\"BreadcrumbList\",\"@id\":\"https:\/\/www.dagad.com.br\/shop\/produto\/teste-em-mangueiras-de-incendio-2-12\/#breadcrumb\",\"itemListElement\":[{\"@type\":\"ListItem\",\"position\":1,\"name\":\"In\u00edcio\",\"item\":\"https:\/\/www.dagad.com.br\/shop\/\"},{\"@type\":\"ListItem\",\"position\":2,\"name\":\"Teste em Mangueiras de Inc\u00eandio 2.1\/2&#8243;\"}]},{\"@type\":\"WebSite\",\"@id\":\"https:\/\/www.dagad.com.br\/shop\/#website\",\"url\":\"https:\/\/www.dagad.com.br\/shop\/\",\"name\":\"Dagad Shopping\",\"description\":\"Tudo para preven\u00e7\u00e3o e seguran\u00e7a.\",\"publisher\":{\"@id\":\"https:\/\/www.dagad.com.br\/shop\/#organization\"},\"potentialAction\":[{\"@type\":\"SearchAction\",\"target\":{\"@type\":\"EntryPoint\",\"urlTemplate\":\"https:\/\/www.dagad.com.br\/shop\/?s={search_term_string}\"},\"query-input\":{\"@type\":\"PropertyValueSpecification\",\"valueRequired\":true,\"valueName\":\"search_term_string\"}}],\"inLanguage\":\"pt-BR\"},{\"@type\":\"Organization\",\"@id\":\"https:\/\/www.dagad.com.br\/shop\/#organization\",\"name\":\"Dagad Shop - Materiais Contra Inc\u00eandio\",\"url\":\"https:\/\/www.dagad.com.br\/shop\/\",\"logo\":{\"@type\":\"ImageObject\",\"inLanguage\":\"pt-BR\",\"@id\":\"https:\/\/www.dagad.com.br\/shop\/#\/schema\/logo\/image\/\",\"url\":\"https:\/\/www.dagad.com.br\/shop\/wp-content\/uploads\/2017\/08\/logo-site2.jpg\",\"contentUrl\":\"https:\/\/www.dagad.com.br\/shop\/wp-content\/uploads\/2017\/08\/logo-site2.jpg\",\"width\":115,\"height\":115,\"caption\":\"Dagad Shop - Materiais Contra Inc\u00eandio\"},\"image\":{\"@id\":\"https:\/\/www.dagad.com.br\/shop\/#\/schema\/logo\/image\/\"},\"sameAs\":[\"https:\/\/www.facebook.com\/dagadextintores\",\"https:\/\/x.com\/DAGADMAT\",\"https:\/\/www.instagram.com\/dagad_extintores\/\",\"https:\/\/www.linkedin.com\/company\/dagad-materiais-de-seguran-a\",\"https:\/\/br.pinterest.com\/DagadShop\",\"http:\/\/www.youtube.com\/channel\/UCZNuW9Azjgylii7eNxvBQWg\"]}]}<\/script>\n<!-- \/ Yoast SEO plugin. -->","yoast_head_json":{"title":"Teste em Mangueiras de Inc\u00eandio 2.1\/2\" - Dagad Shopping","robots":{"index":"index","follow":"follow","max-snippet":"max-snippet:-1","max-image-preview":"max-image-preview:large","max-video-preview":"max-video-preview:-1"},"canonical":"https:\/\/www.dagad.com.br\/shop\/produto\/teste-em-mangueiras-de-incendio-2-12\/","og_locale":"pt_BR","og_type":"article","og_title":"Teste em Mangueiras de Inc\u00eandio 2.1\/2\" - Dagad Shopping","og_description":"Teste Hidrost\u00e1tico em Lances de Mangueiras de 2.1\/2\"","og_url":"https:\/\/www.dagad.com.br\/shop\/produto\/teste-em-mangueiras-de-incendio-2-12\/","og_site_name":"Dagad Shopping","article_publisher":"https:\/\/www.facebook.com\/dagadextintores","article_modified_time":"2021-01-30T12:29:45+00:00","og_image":[{"width":450,"height":469,"url":"https:\/\/www.dagad.com.br\/shop\/wp-content\/uploads\/2017\/08\/mangueiras1.png","type":"image\/png"}],"twitter_card":"summary_large_image","twitter_site":"@DAGADMAT","twitter_misc":{"Est. tempo de leitura":"2 minutos"},"schema":{"@context":"https:\/\/schema.org","@graph":[{"@type":"WebPage","@id":"https:\/\/www.dagad.com.br\/shop\/produto\/teste-em-mangueiras-de-incendio-2-12\/","url":"https:\/\/www.dagad.com.br\/shop\/produto\/teste-em-mangueiras-de-incendio-2-12\/","name":"Teste em Mangueiras de Inc\u00eandio 2.1\/2\" - Dagad Shopping","isPartOf":{"@id":"https:\/\/www.dagad.com.br\/shop\/#website"},"primaryImageOfPage":{"@id":"https:\/\/www.dagad.com.br\/shop\/produto\/teste-em-mangueiras-de-incendio-2-12\/#primaryimage"},"image":{"@id":"https:\/\/www.dagad.com.br\/shop\/produto\/teste-em-mangueiras-de-incendio-2-12\/#primaryimage"},"thumbnailUrl":"https:\/\/www.dagad.com.br\/shop\/wp-content\/uploads\/2017\/08\/mangueiras1.png","datePublished":"2017-08-14T19:24:09+00:00","dateModified":"2021-01-30T12:29:45+00:00","breadcrumb":{"@id":"https:\/\/www.dagad.com.br\/shop\/produto\/teste-em-mangueiras-de-incendio-2-12\/#breadcrumb"},"inLanguage":"pt-BR","potentialAction":[{"@type":"ReadAction","target":["https:\/\/www.dagad.com.br\/shop\/produto\/teste-em-mangueiras-de-incendio-2-12\/"]}]},{"@type":"ImageObject","inLanguage":"pt-BR","@id":"https:\/\/www.dagad.com.br\/shop\/produto\/teste-em-mangueiras-de-incendio-2-12\/#primaryimage","url":"https:\/\/www.dagad.com.br\/shop\/wp-content\/uploads\/2017\/08\/mangueiras1.png","contentUrl":"https:\/\/www.dagad.com.br\/shop\/wp-content\/uploads\/2017\/08\/mangueiras1.png","width":450,"height":469},{"@type":"BreadcrumbList","@id":"https:\/\/www.dagad.com.br\/shop\/produto\/teste-em-mangueiras-de-incendio-2-12\/#breadcrumb","itemListElement":[{"@type":"ListItem","position":1,"name":"In\u00edcio","item":"https:\/\/www.dagad.com.br\/shop\/"},{"@type":"ListItem","position":2,"name":"Teste em Mangueiras de Inc\u00eandio 2.1\/2&#8243;"}]},{"@type":"WebSite","@id":"https:\/\/www.dagad.com.br\/shop\/#website","url":"https:\/\/www.dagad.com.br\/shop\/","name":"Dagad Shopping","description":"Tudo para preven\u00e7\u00e3o e seguran\u00e7a.","publisher":{"@id":"https:\/\/www.dagad.com.br\/shop\/#organization"},"potentialAction":[{"@type":"SearchAction","target":{"@type":"EntryPoint","urlTemplate":"https:\/\/www.dagad.com.br\/shop\/?s={search_term_string}"},"query-input":{"@type":"PropertyValueSpecification","valueRequired":true,"valueName":"search_term_string"}}],"inLanguage":"pt-BR"},{"@type":"Organization","@id":"https:\/\/www.dagad.com.br\/shop\/#organization","name":"Dagad Shop - Materiais Contra Inc\u00eandio","url":"https:\/\/www.dagad.com.br\/shop\/","logo":{"@type":"ImageObject","inLanguage":"pt-BR","@id":"https:\/\/www.dagad.com.br\/shop\/#\/schema\/logo\/image\/","url":"https:\/\/www.dagad.com.br\/shop\/wp-content\/uploads\/2017\/08\/logo-site2.jpg","contentUrl":"https:\/\/www.dagad.com.br\/shop\/wp-content\/uploads\/2017\/08\/logo-site2.jpg","width":115,"height":115,"caption":"Dagad Shop - Materiais Contra Inc\u00eandio"},"image":{"@id":"https:\/\/www.dagad.com.br\/shop\/#\/schema\/logo\/image\/"},"sameAs":["https:\/\/www.facebook.com\/dagadextintores","https:\/\/x.com\/DAGADMAT","https:\/\/www.instagram.com\/dagad_extintores\/","https:\/\/www.linkedin.com\/company\/dagad-materiais-de-seguran-a","https:\/\/br.pinterest.com\/DagadShop","http:\/\/www.youtube.com\/channel\/UCZNuW9Azjgylii7eNxvBQWg"]}]}},"_links":{"self":[{"href":"https:\/\/www.dagad.com.br\/shop\/wp-json\/wp\/v2\/product\/1330","targetHints":{"allow":["GET"]}}],"collection":[{"href":"https:\/\/www.dagad.com.br\/shop\/wp-json\/wp\/v2\/product"}],"about":[{"href":"https:\/\/www.dagad.com.br\/shop\/wp-json\/wp\/v2\/types\/product"}],"replies":[{"embeddable":true,"href":"https:\/\/www.dagad.com.br\/shop\/wp-json\/wp\/v2\/comments?post=1330"}],"wp:featuredmedia":[{"embeddable":true,"href":"https:\/\/www.dagad.com.br\/shop\/wp-json\/wp\/v2\/media\/1331"}],"wp:attachment":[{"href":"https:\/\/www.dagad.com.br\/shop\/wp-json\/wp\/v2\/media?parent=1330"}],"wp:term":[{"taxonomy":"product_brand","embeddable":true,"href":"https:\/\/www.dagad.com.br\/shop\/wp-json\/wp\/v2\/product_brand?post=1330"},{"taxonomy":"product_cat","embeddable":true,"href":"https:\/\/www.dagad.com.br\/shop\/wp-json\/wp\/v2\/product_cat?post=1330"},{"taxonomy":"product_tag","embeddable":true,"href":"https:\/\/www.dagad.com.br\/shop\/wp-json\/wp\/v2\/product_tag?post=1330"}],"curies":[{"name":"wp","href":"https:\/\/api.w.org\/{rel}","templated":true}]}}