{"id":1429,"date":"2020-10-17T10:08:44","date_gmt":"2020-10-17T13:08:44","guid":{"rendered":"http:\/\/www.dagad.com.br\/shops\/?post_type=product&#038;p=1429"},"modified":"2021-08-19T23:19:51","modified_gmt":"2021-08-20T02:19:51","slug":"abrigo-de-mangueira-70x50x25-sobrepor-padrao-rio","status":"publish","type":"product","link":"https:\/\/www.dagad.com.br\/shop\/produto\/abrigo-de-mangueira-70x50x25-sobrepor-padrao-rio\/","title":{"rendered":"Abrigo de Mangueira 70x50x25 Sobrepor Padr\u00e3o Rio"},"content":{"rendered":"<div>Abrigos para Hidrante, fabricados em chapa de a\u00e7o, pintados em Vermelho Munsel 5R4\/14;<\/div>\n<div>Possui Suporte meia lua para apoio das mangueiras evitando encostar no fundo da caixa.<br \/>\nModelo sobrepor, ideal para 02 mangueiras de hidrante de 1.1\/2&#8243; x 15mts.<br \/>\n<strong>Peso<\/strong>: 7.330 Kg<\/div>\n<div><\/div>\n<div><strong>IMAGEM MERAMENTE ILUSTRATIVA \/ N\u00c3O CONT\u00c9M VIDRO.<\/strong><\/div>\n","protected":false},"excerpt":{"rendered":"<p>Caixa de Inc\u00eandio para 02 Mangueiras Tipo 1 de 1 1\/2&#8243; com 15 metros. Nas compras acima de R$ 350,00 o frete \u00e9 gr\u00e1tis.<\/p>\n","protected":false},"featured_media":1430,"comment_status":"open","ping_status":"closed","template":"","meta":[],"product_brand":[],"product_cat":[29,28],"product_tag":[138,139,444],"class_list":{"0":"post-1429","1":"product","2":"type-product","3":"status-publish","4":"has-post-thumbnail","6":"product_cat-abrigos-de-mangueira-sobrepor","7":"product_cat-abrigos-mangueiras-extintores","8":"product_tag-abrigo","9":"product_tag-mangueira","10":"product_tag-padrao-rio","12":"first","13":"instock","14":"shipping-taxable","15":"purchasable","16":"product-type-simple"},"yoast_head":"<!-- This site is optimized with the Yoast SEO plugin v25.6 - https:\/\/yoast.com\/wordpress\/plugins\/seo\/ -->\n<title>Abrigo de Mangueira 70x50x25 Sobrepor Padr\u00e3o Rio -<\/title>\n<meta name=\"description\" content=\"Caixa de Inc\u00eandio para 2 mangueiras de inc\u00eandio tipo 1 de 1 1\/2&quot; com 15 metros, com visor padr\u00e3o rio, sem vidro.\" \/>\n<meta name=\"robots\" content=\"index, follow, max-snippet:-1, max-image-preview:large, max-video-preview:-1\" \/>\n<link rel=\"canonical\" href=\"https:\/\/www.dagad.com.br\/shop\/produto\/abrigo-de-mangueira-70x50x25-sobrepor-padrao-rio\/\" \/>\n<meta property=\"og:locale\" content=\"pt_BR\" \/>\n<meta property=\"og:type\" content=\"article\" \/>\n<meta property=\"og:title\" content=\"Abrigo de Mangueira 70x50x25 Sobrepor Padr\u00e3o Rio -\" \/>\n<meta property=\"og:description\" content=\"Caixa de Inc\u00eandio para 2 mangueiras de inc\u00eandio tipo 1 de 1 1\/2&quot; com 15 metros, com visor padr\u00e3o rio, sem vidro.\" \/>\n<meta property=\"og:url\" content=\"https:\/\/www.dagad.com.br\/shop\/produto\/abrigo-de-mangueira-70x50x25-sobrepor-padrao-rio\/\" \/>\n<meta property=\"og:site_name\" content=\"Dagad Shopping\" \/>\n<meta property=\"article:publisher\" content=\"https:\/\/www.facebook.com\/dagadextintores\" \/>\n<meta property=\"article:modified_time\" content=\"2021-08-20T02:19:51+00:00\" \/>\n<meta property=\"og:image\" content=\"https:\/\/www.dagad.com.br\/shop\/wp-content\/uploads\/2017\/08\/png_2.png\" \/>\n\t<meta property=\"og:image:width\" content=\"829\" \/>\n\t<meta property=\"og:image:height\" content=\"580\" \/>\n\t<meta property=\"og:image:type\" content=\"image\/png\" \/>\n<meta name=\"twitter:card\" content=\"summary_large_image\" \/>\n<meta name=\"twitter:site\" content=\"@DAGADMAT\" \/>\n<script type=\"application\/ld+json\" class=\"yoast-schema-graph\">{\"@context\":\"https:\/\/schema.org\",\"@graph\":[{\"@type\":\"WebPage\",\"@id\":\"https:\/\/www.dagad.com.br\/shop\/produto\/abrigo-de-mangueira-70x50x25-sobrepor-padrao-rio\/\",\"url\":\"https:\/\/www.dagad.com.br\/shop\/produto\/abrigo-de-mangueira-70x50x25-sobrepor-padrao-rio\/\",\"name\":\"Abrigo de Mangueira 70x50x25 Sobrepor Padr\u00e3o Rio -\",\"isPartOf\":{\"@id\":\"https:\/\/www.dagad.com.br\/shop\/#website\"},\"primaryImageOfPage\":{\"@id\":\"https:\/\/www.dagad.com.br\/shop\/produto\/abrigo-de-mangueira-70x50x25-sobrepor-padrao-rio\/#primaryimage\"},\"image\":{\"@id\":\"https:\/\/www.dagad.com.br\/shop\/produto\/abrigo-de-mangueira-70x50x25-sobrepor-padrao-rio\/#primaryimage\"},\"thumbnailUrl\":\"https:\/\/www.dagad.com.br\/shop\/wp-content\/uploads\/2017\/08\/png_2.png\",\"datePublished\":\"2020-10-17T13:08:44+00:00\",\"dateModified\":\"2021-08-20T02:19:51+00:00\",\"description\":\"Caixa de Inc\u00eandio para 2 mangueiras de inc\u00eandio tipo 1 de 1 1\/2\\\" com 15 metros, com visor padr\u00e3o rio, sem vidro.\",\"breadcrumb\":{\"@id\":\"https:\/\/www.dagad.com.br\/shop\/produto\/abrigo-de-mangueira-70x50x25-sobrepor-padrao-rio\/#breadcrumb\"},\"inLanguage\":\"pt-BR\",\"potentialAction\":[{\"@type\":\"ReadAction\",\"target\":[\"https:\/\/www.dagad.com.br\/shop\/produto\/abrigo-de-mangueira-70x50x25-sobrepor-padrao-rio\/\"]}]},{\"@type\":\"ImageObject\",\"inLanguage\":\"pt-BR\",\"@id\":\"https:\/\/www.dagad.com.br\/shop\/produto\/abrigo-de-mangueira-70x50x25-sobrepor-padrao-rio\/#primaryimage\",\"url\":\"https:\/\/www.dagad.com.br\/shop\/wp-content\/uploads\/2017\/08\/png_2.png\",\"contentUrl\":\"https:\/\/www.dagad.com.br\/shop\/wp-content\/uploads\/2017\/08\/png_2.png\",\"width\":829,\"height\":580},{\"@type\":\"BreadcrumbList\",\"@id\":\"https:\/\/www.dagad.com.br\/shop\/produto\/abrigo-de-mangueira-70x50x25-sobrepor-padrao-rio\/#breadcrumb\",\"itemListElement\":[{\"@type\":\"ListItem\",\"position\":1,\"name\":\"In\u00edcio\",\"item\":\"https:\/\/www.dagad.com.br\/shop\/\"},{\"@type\":\"ListItem\",\"position\":2,\"name\":\"Abrigo de Mangueira 70x50x25 Sobrepor Padr\u00e3o Rio\"}]},{\"@type\":\"WebSite\",\"@id\":\"https:\/\/www.dagad.com.br\/shop\/#website\",\"url\":\"https:\/\/www.dagad.com.br\/shop\/\",\"name\":\"Dagad Shopping\",\"description\":\"Tudo para preven\u00e7\u00e3o e seguran\u00e7a.\",\"publisher\":{\"@id\":\"https:\/\/www.dagad.com.br\/shop\/#organization\"},\"potentialAction\":[{\"@type\":\"SearchAction\",\"target\":{\"@type\":\"EntryPoint\",\"urlTemplate\":\"https:\/\/www.dagad.com.br\/shop\/?s={search_term_string}\"},\"query-input\":{\"@type\":\"PropertyValueSpecification\",\"valueRequired\":true,\"valueName\":\"search_term_string\"}}],\"inLanguage\":\"pt-BR\"},{\"@type\":\"Organization\",\"@id\":\"https:\/\/www.dagad.com.br\/shop\/#organization\",\"name\":\"Dagad Shop - Materiais Contra Inc\u00eandio\",\"url\":\"https:\/\/www.dagad.com.br\/shop\/\",\"logo\":{\"@type\":\"ImageObject\",\"inLanguage\":\"pt-BR\",\"@id\":\"https:\/\/www.dagad.com.br\/shop\/#\/schema\/logo\/image\/\",\"url\":\"https:\/\/www.dagad.com.br\/shop\/wp-content\/uploads\/2017\/08\/logo-site2.jpg\",\"contentUrl\":\"https:\/\/www.dagad.com.br\/shop\/wp-content\/uploads\/2017\/08\/logo-site2.jpg\",\"width\":115,\"height\":115,\"caption\":\"Dagad Shop - Materiais Contra Inc\u00eandio\"},\"image\":{\"@id\":\"https:\/\/www.dagad.com.br\/shop\/#\/schema\/logo\/image\/\"},\"sameAs\":[\"https:\/\/www.facebook.com\/dagadextintores\",\"https:\/\/x.com\/DAGADMAT\",\"https:\/\/www.instagram.com\/dagad_extintores\/\",\"https:\/\/www.linkedin.com\/company\/dagad-materiais-de-seguran-a\",\"https:\/\/br.pinterest.com\/DagadShop\",\"http:\/\/www.youtube.com\/channel\/UCZNuW9Azjgylii7eNxvBQWg\"]}]}<\/script>\n<!-- \/ Yoast SEO plugin. -->","yoast_head_json":{"title":"Abrigo de Mangueira 70x50x25 Sobrepor Padr\u00e3o Rio -","description":"Caixa de Inc\u00eandio para 2 mangueiras de inc\u00eandio tipo 1 de 1 1\/2\" com 15 metros, com visor padr\u00e3o rio, sem vidro.","robots":{"index":"index","follow":"follow","max-snippet":"max-snippet:-1","max-image-preview":"max-image-preview:large","max-video-preview":"max-video-preview:-1"},"canonical":"https:\/\/www.dagad.com.br\/shop\/produto\/abrigo-de-mangueira-70x50x25-sobrepor-padrao-rio\/","og_locale":"pt_BR","og_type":"article","og_title":"Abrigo de Mangueira 70x50x25 Sobrepor Padr\u00e3o Rio -","og_description":"Caixa de Inc\u00eandio para 2 mangueiras de inc\u00eandio tipo 1 de 1 1\/2\" com 15 metros, com visor padr\u00e3o rio, sem vidro.","og_url":"https:\/\/www.dagad.com.br\/shop\/produto\/abrigo-de-mangueira-70x50x25-sobrepor-padrao-rio\/","og_site_name":"Dagad Shopping","article_publisher":"https:\/\/www.facebook.com\/dagadextintores","article_modified_time":"2021-08-20T02:19:51+00:00","og_image":[{"width":829,"height":580,"url":"https:\/\/www.dagad.com.br\/shop\/wp-content\/uploads\/2017\/08\/png_2.png","type":"image\/png"}],"twitter_card":"summary_large_image","twitter_site":"@DAGADMAT","schema":{"@context":"https:\/\/schema.org","@graph":[{"@type":"WebPage","@id":"https:\/\/www.dagad.com.br\/shop\/produto\/abrigo-de-mangueira-70x50x25-sobrepor-padrao-rio\/","url":"https:\/\/www.dagad.com.br\/shop\/produto\/abrigo-de-mangueira-70x50x25-sobrepor-padrao-rio\/","name":"Abrigo de Mangueira 70x50x25 Sobrepor Padr\u00e3o Rio -","isPartOf":{"@id":"https:\/\/www.dagad.com.br\/shop\/#website"},"primaryImageOfPage":{"@id":"https:\/\/www.dagad.com.br\/shop\/produto\/abrigo-de-mangueira-70x50x25-sobrepor-padrao-rio\/#primaryimage"},"image":{"@id":"https:\/\/www.dagad.com.br\/shop\/produto\/abrigo-de-mangueira-70x50x25-sobrepor-padrao-rio\/#primaryimage"},"thumbnailUrl":"https:\/\/www.dagad.com.br\/shop\/wp-content\/uploads\/2017\/08\/png_2.png","datePublished":"2020-10-17T13:08:44+00:00","dateModified":"2021-08-20T02:19:51+00:00","description":"Caixa de Inc\u00eandio para 2 mangueiras de inc\u00eandio tipo 1 de 1 1\/2\" com 15 metros, com visor padr\u00e3o rio, sem vidro.","breadcrumb":{"@id":"https:\/\/www.dagad.com.br\/shop\/produto\/abrigo-de-mangueira-70x50x25-sobrepor-padrao-rio\/#breadcrumb"},"inLanguage":"pt-BR","potentialAction":[{"@type":"ReadAction","target":["https:\/\/www.dagad.com.br\/shop\/produto\/abrigo-de-mangueira-70x50x25-sobrepor-padrao-rio\/"]}]},{"@type":"ImageObject","inLanguage":"pt-BR","@id":"https:\/\/www.dagad.com.br\/shop\/produto\/abrigo-de-mangueira-70x50x25-sobrepor-padrao-rio\/#primaryimage","url":"https:\/\/www.dagad.com.br\/shop\/wp-content\/uploads\/2017\/08\/png_2.png","contentUrl":"https:\/\/www.dagad.com.br\/shop\/wp-content\/uploads\/2017\/08\/png_2.png","width":829,"height":580},{"@type":"BreadcrumbList","@id":"https:\/\/www.dagad.com.br\/shop\/produto\/abrigo-de-mangueira-70x50x25-sobrepor-padrao-rio\/#breadcrumb","itemListElement":[{"@type":"ListItem","position":1,"name":"In\u00edcio","item":"https:\/\/www.dagad.com.br\/shop\/"},{"@type":"ListItem","position":2,"name":"Abrigo de Mangueira 70x50x25 Sobrepor Padr\u00e3o Rio"}]},{"@type":"WebSite","@id":"https:\/\/www.dagad.com.br\/shop\/#website","url":"https:\/\/www.dagad.com.br\/shop\/","name":"Dagad Shopping","description":"Tudo para preven\u00e7\u00e3o e seguran\u00e7a.","publisher":{"@id":"https:\/\/www.dagad.com.br\/shop\/#organization"},"potentialAction":[{"@type":"SearchAction","target":{"@type":"EntryPoint","urlTemplate":"https:\/\/www.dagad.com.br\/shop\/?s={search_term_string}"},"query-input":{"@type":"PropertyValueSpecification","valueRequired":true,"valueName":"search_term_string"}}],"inLanguage":"pt-BR"},{"@type":"Organization","@id":"https:\/\/www.dagad.com.br\/shop\/#organization","name":"Dagad Shop - Materiais Contra Inc\u00eandio","url":"https:\/\/www.dagad.com.br\/shop\/","logo":{"@type":"ImageObject","inLanguage":"pt-BR","@id":"https:\/\/www.dagad.com.br\/shop\/#\/schema\/logo\/image\/","url":"https:\/\/www.dagad.com.br\/shop\/wp-content\/uploads\/2017\/08\/logo-site2.jpg","contentUrl":"https:\/\/www.dagad.com.br\/shop\/wp-content\/uploads\/2017\/08\/logo-site2.jpg","width":115,"height":115,"caption":"Dagad Shop - Materiais Contra Inc\u00eandio"},"image":{"@id":"https:\/\/www.dagad.com.br\/shop\/#\/schema\/logo\/image\/"},"sameAs":["https:\/\/www.facebook.com\/dagadextintores","https:\/\/x.com\/DAGADMAT","https:\/\/www.instagram.com\/dagad_extintores\/","https:\/\/www.linkedin.com\/company\/dagad-materiais-de-seguran-a","https:\/\/br.pinterest.com\/DagadShop","http:\/\/www.youtube.com\/channel\/UCZNuW9Azjgylii7eNxvBQWg"]}]}},"_links":{"self":[{"href":"https:\/\/www.dagad.com.br\/shop\/wp-json\/wp\/v2\/product\/1429","targetHints":{"allow":["GET"]}}],"collection":[{"href":"https:\/\/www.dagad.com.br\/shop\/wp-json\/wp\/v2\/product"}],"about":[{"href":"https:\/\/www.dagad.com.br\/shop\/wp-json\/wp\/v2\/types\/product"}],"replies":[{"embeddable":true,"href":"https:\/\/www.dagad.com.br\/shop\/wp-json\/wp\/v2\/comments?post=1429"}],"wp:featuredmedia":[{"embeddable":true,"href":"https:\/\/www.dagad.com.br\/shop\/wp-json\/wp\/v2\/media\/1430"}],"wp:attachment":[{"href":"https:\/\/www.dagad.com.br\/shop\/wp-json\/wp\/v2\/media?parent=1429"}],"wp:term":[{"taxonomy":"product_brand","embeddable":true,"href":"https:\/\/www.dagad.com.br\/shop\/wp-json\/wp\/v2\/product_brand?post=1429"},{"taxonomy":"product_cat","embeddable":true,"href":"https:\/\/www.dagad.com.br\/shop\/wp-json\/wp\/v2\/product_cat?post=1429"},{"taxonomy":"product_tag","embeddable":true,"href":"https:\/\/www.dagad.com.br\/shop\/wp-json\/wp\/v2\/product_tag?post=1429"}],"curies":[{"name":"wp","href":"https:\/\/api.w.org\/{rel}","templated":true}]}}